{"id":1431,"date":"2026-03-23T18:47:42","date_gmt":"2026-03-23T18:47:42","guid":{"rendered":"https:\/\/somos52.com\/?page_id=1431"},"modified":"2026-04-06T19:59:03","modified_gmt":"2026-04-06T19:59:03","slug":"%f0%9f%a7%ad-dankai-by-somos52","status":"publish","type":"page","link":"https:\/\/somos52.com\/?page_id=1431","title":{"rendered":"\ud83e\udded DANKAI by Somos+52"},"content":{"rendered":"\n<div class=\"wp-block-greenshift-blocks-container gspb_container gspb_container-gsbp-bf7b746\" id=\"gspb_container-id-gsbp-bf7b746\">\n<div id=\"gspb_text-id-gsbp-13c0159\" class=\"gspb_text gspb_text-id-gsbp-13c0159 \">En <strong>DANKAI, empresa del Grupo Somos+52<\/strong>, brindamos servicios de consultor\u00eda empresarial orientados a fortalecer la gesti\u00f3n estrat\u00e9gica, operativa y financiera de las organizaciones.<br><br>Trabajamos con un enfoque regional, apoyando empresas que operan o desean expandirse en <strong>Norteam\u00e9rica y Centroam\u00e9rica<\/strong>.<br>Nuestra visi\u00f3n es acompa\u00f1ar a las organizaciones en el fortalecimiento de sus estructuras, procesos y estrategias para competir en mercados din\u00e1micos y globalizados.<\/div>\n<\/div>\n\n\n\n<div class=\"wp-block-greenshift-blocks-image gspb_image gspb_image-id-gsbp-4347fe0\" id=\"gspb_image-id-gsbp-4347fe0\"><img decoding=\"async\" src=\"https:\/\/somos52.com\/wp-content\/uploads\/2026\/03\/DANKAI-removebg-preview-300x300.png\" data-src=\"\" alt=\"\" loading=\"lazy\" width=\"300\" height=\"300\"\/><\/div>\n\n\n\n<div class=\"gspb_button_wrapper gspb_button-id-gsbp-c284d45\" id=\"gspb_button-id-gsbp-c284d45\"><a class=\"wp-block-greenshift-blocks-buttonbox gspb-buttonbox wp-element-button\" href=\"https:\/\/www.linkedin.com\/company\/dankai\" target=\"_blank\" rel=\"noopener\"><span class=\"gspb-buttonbox-textwrap\"><span class=\"gspb-buttonbox-text\"><span class=\"gspb-buttonbox-title\">Conocenos en Linkedln<\/span><\/span><\/span><\/a><\/div>\n\n\n\n<div class=\"gspb_button_wrapper gspb_button-id-gsbp-75c9b20\" id=\"gspb_button-id-gsbp-75c9b20\"><a class=\"wp-block-greenshift-blocks-buttonbox gspb-buttonbox wp-element-button\" href=\"https:\/\/dankai.somos52.com\/\" target=\"_blank\" rel=\"noopener\"><span class=\"gspb-buttonbox-textwrap\"><span class=\"gspb-buttonbox-text\"><span class=\"gspb-buttonbox-title\">Dankai.somos52.com<\/span><\/span><\/span><\/a><\/div>\n\n\n\n<div class=\"wp-block-group is-nowrap is-layout-flex wp-container-core-group-is-layout-6c531013 wp-block-group-is-layout-flex\">\n<div id=\"gspb_text-id-gsbp-47394c1\" class=\"gspb_text gspb_text-id-gsbp-47394c1 \">\ud83d\udc49 <strong>\u201cTransformamos procesos en resultados sostenibles.\u201d<\/strong><br><br>\ud83d\ude80 <strong>Estrategia y Direcci\u00f3n Empresarial<\/strong><br>\u2714 Desarrollo de planes estrat\u00e9gicos<br>\u2714 An\u00e1lisis de cadena de valor y ventaja competitiva<br>\u2714 Dise\u00f1o de modelos de negocio<br>\u2714 Estrategias de crecimiento empresarial<br><br>\ud83d\udcc8 <strong>Gesti\u00f3n Comercial y Ventas<\/strong><br>\u2714 Dise\u00f1o de estrategias comerciales<br>\u2714 Desarrollo de canales de venta<br>\u2714 Optimizaci\u00f3n de procesos comerciales<br>\u2714 Gesti\u00f3n y seguimiento del desempe\u00f1o de ventas<br><br>\ud83c\udfaf <strong>Marketing y Desarrollo de Mercado<\/strong><br>\u2714 An\u00e1lisis de mercado<br>\u2714 Estrategias de marketing y posicionamiento<br>\u2714 Desarrollo de propuestas de valor<br>\u2714 Estrategias de crecimiento comercial<br><br>\ud83e\udd1d <strong>Atenci\u00f3n y Experiencia del Cliente<\/strong><br>\u2714 Dise\u00f1o de modelos de atenci\u00f3n al cliente<br>\u2714 Optimizaci\u00f3n de procesos de servicio<br>\u2714 Implementaci\u00f3n de est\u00e1ndares de experiencia<br>\u2714 Medici\u00f3n de satisfacci\u00f3n y calidad del servicio<br><br><\/div>\n\n\n\n<div id=\"gspb_text-id-gsbp-ddd5ad9\" class=\"gspb_text gspb_text-id-gsbp-ddd5ad9 \">\ud83d\udcb0 <strong>Gesti\u00f3n Financiera<\/strong><br>\u2714 An\u00e1lisis financiero empresarial<br>\u2714 Control de costos y rentabilidad<br>\u2714 Dise\u00f1o de indicadores financieros<br>\u2714 Modelos de control de gesti\u00f3n<br><br>\ud83d\udce6 <strong>Log\u00edstica y Cadena de Suministro<\/strong><br>\u2714 Optimizaci\u00f3n de operaciones log\u00edsticas<br>\u2714 Gesti\u00f3n de inventarios<br>\u2714 Planificaci\u00f3n de abastecimiento<br>\u2714 Optimizaci\u00f3n de distribuci\u00f3n<br><br>\u2699\ufe0f <strong>Procesos y Mejora Continua<\/strong><br>\u2714 Diagn\u00f3stico y mapeo de procesos<br>\u2714 Redise\u00f1o y optimizaci\u00f3n de procesos<br>\u2714 Implementaci\u00f3n de Lean Six Sigma<br>\u2714 Gesti\u00f3n de indicadores y KPIs<br>\u2714 Estandarizaci\u00f3n de procedimientos<br><br>\ud83c\udf93 <strong>Formaci\u00f3n y Desarrollo Empresarial<\/strong><br>\u2714 Programas de formaci\u00f3n t\u00e9cnica y ejecutiva<br>\u2714 Capacitaci\u00f3n en mejora continua<br>\u2714 Formaci\u00f3n en gesti\u00f3n por procesos<br>\u2714 Desarrollo de liderazgo empresarial<\/div>\n<\/div>\n\n\n\n<div class=\"wp-block-greenshift-blocks-container gspb_container gspb_container-gsbp-77d188c\" id=\"gspb_container-id-gsbp-77d188c\"><div class=\"gspb_marquee_content\">\n<h2 id=\"gspb_heading-id-gsbp-2a84b88\" class=\"gspb_heading gspb_heading-id-gsbp-2a84b88 \">Dankai by Somos+52<\/h2>\n<\/div><div class=\"gspb_marquee_content\" aria-hidden=\"true\">\n<h2 id=\"gspb_heading-id-gsbp-2a84b88\" class=\"gspb_heading gspb_heading-id-gsbp-2a84b88 \">Dankai by Somos+52<\/h2>\n<\/div><\/div>\n\n\n\n<div class=\"wp-block-greenshift-blocks-image gspb_image gspb_image-id-gsbp-a872ea5\" id=\"gspb_image-id-gsbp-a872ea5\"><img decoding=\"async\" src=\"https:\/\/somos52.com\/wp-content\/uploads\/2026\/04\/esp34.png\" data-src=\"\" alt=\"\" loading=\"lazy\" width=\"600px\" height=\"1536\"\/><\/div>\n","protected":false},"excerpt":{"rendered":"","protected":false},"author":1,"featured_media":0,"parent":0,"menu_order":0,"comment_status":"closed","ping_status":"closed","template":"","meta":{"_gspb_post_css":"@import url(\"https:\/\/fonts.googleapis.com\/css?family=Poppins|Poppins|Poppins\");.gspb_container-id-gsbp-bf7b746{flex-direction: column;box-sizing: border-box;}#gspb_container-id-gsbp-bf7b746.gspb_container > p:last-of-type{margin-bottom:0}#gspb_container-id-gsbp-bf7b746.gspb_container{position:relative;}#gspb_container-id-gsbp-bf7b746.gspb_container{box-sizing:border-box;}.gspb_text-id-gsbp-13c0159{font-weight:400;}.gspb_text-id-gsbp-13c0159{font-family:Poppins, sans-serif;}.gspb_text-id-gsbp-13c0159{font-size:30px;}#gspb_image-id-gsbp-4347fe0 img{vertical-align:top;}#gspb_image-id-gsbp-4347fe0 img{display:inline-block;box-sizing:border-box;max-width:100%;height:auto;}#gspb_button-id-gsbp-c284d45{display:flex; justify-content:flex-start;}#gspb_button-id-gsbp-c284d45 .gspb-buttonbox-text{display:flex; flex-direction: column;}#gspb_button-id-gsbp-c284d45 > .gspb-buttonbox{box-sizing:border-box}#gspb_button-id-gsbp-c284d45 > .gspb-buttonbox{margin-bottom:24px;}#gspb_button-id-gsbp-75c9b20{display:flex; justify-content:flex-start;}#gspb_button-id-gsbp-75c9b20 .gspb-buttonbox-text{display:flex; flex-direction: column;}#gspb_button-id-gsbp-75c9b20 > .gspb-buttonbox{box-sizing:border-box}#gspb_button-id-gsbp-75c9b20 > .gspb-buttonbox{margin-bottom:24px;}.gspb_text-id-gsbp-47394c1{font-weight:400;}.gspb_text-id-gsbp-47394c1{font-family:Poppins, sans-serif;}.gspb_text-id-gsbp-47394c1{font-size:30px;}.gspb_text-id-gsbp-47394c1{background-color:#f3f3f3;}.gspb_text-id-gsbp-ddd5ad9{font-weight:400;}.gspb_text-id-gsbp-ddd5ad9{font-family:Poppins, sans-serif;}.gspb_text-id-gsbp-ddd5ad9{font-size:30px;}.gspb_text-id-gsbp-ddd5ad9{background-color:#f3f3f3;}@media (max-width: 575.98px){body.gspb-bodyfront .gspb_text-id-gsbp-ddd5ad9{position:fixed;}}.gspb_container-id-gsbp-77d188c{flex-direction: column;box-sizing: border-box;}#gspb_container-id-gsbp-77d188c.gspb_container > p:last-of-type{margin-bottom:0}#gspb_container-id-gsbp-77d188c.gspb_container{position:relative;}#gspb_container-id-gsbp-77d188c.gspb_container{overflow:hidden;display: flex;--gap: 1rem;gap: var(--gap);}#gspb_container-id-gsbp-77d188c.gspb_container > .gspb_marquee_content {flex-shrink: 0;display: flex;justify-content: space-around;gap: var(--gap);min-width: 100%;}@keyframes marqueegsbp-77d188c{from {transform: translateX(0);}to{transform: translateX(calc(-100% - var(--gap)));}}#gspb_container-id-gsbp-77d188c.gspb_container.marquee_enabled .gspb_marquee_content {animation: marqueegsbp-77d188c 12s linear infinite;}@media (prefers-reduced-motion: reduce) {#gspb_container-id-gsbp-77d188c.gspb_container .marquee__content {animation-play-state: paused!important;}}#gspb_container-id-gsbp-77d188c.gspb_container{mask-image: linear-gradient(to left, hsl(0 0% 0% \/ 0), hsl(0 0% 0% \/ 1) 5%, hsl(0 0% 0% \/ 1) 95%, hsl(0 0% 0% \/ 0));}#gspb_container-id-gsbp-77d188c.gspb_container{box-sizing:border-box;}#gspb_heading-id-gsbp-2a84b88{margin-top:10px;margin-bottom:0px;}#gspb_image-id-gsbp-a872ea5{text-align:center;}#gspb_image-id-gsbp-a872ea5 img{vertical-align:middle;}#gspb_image-id-gsbp-a872ea5 img{display:inline-block;box-sizing:border-box;max-width:100%;height:auto;}#gspb_image-id-gsbp-a872ea5 img{width:600px;}#gspb_image-id-gsbp-a872ea5, #gspb_image-id-gsbp-a872ea5 img{height:auto;}@media (max-width: 991.98px){#gspb_image-id-gsbp-a872ea5, #gspb_image-id-gsbp-a872ea5 img{height:auto;}}@media (max-width: 767.98px){#gspb_image-id-gsbp-a872ea5, #gspb_image-id-gsbp-a872ea5 img{height:auto;}}@media (max-width: 575.98px){#gspb_image-id-gsbp-a872ea5, #gspb_image-id-gsbp-a872ea5 img{height:auto;}}","_kadence_starter_templates_imported_post":false,"footnotes":""},"class_list":["post-1431","page","type-page","status-publish","hentry"],"blocksy_meta":[],"_links":{"self":[{"href":"https:\/\/somos52.com\/index.php?rest_route=\/wp\/v2\/pages\/1431","targetHints":{"allow":["GET"]}}],"collection":[{"href":"https:\/\/somos52.com\/index.php?rest_route=\/wp\/v2\/pages"}],"about":[{"href":"https:\/\/somos52.com\/index.php?rest_route=\/wp\/v2\/types\/page"}],"author":[{"embeddable":true,"href":"https:\/\/somos52.com\/index.php?rest_route=\/wp\/v2\/users\/1"}],"replies":[{"embeddable":true,"href":"https:\/\/somos52.com\/index.php?rest_route=%2Fwp%2Fv2%2Fcomments&post=1431"}],"version-history":[{"count":10,"href":"https:\/\/somos52.com\/index.php?rest_route=\/wp\/v2\/pages\/1431\/revisions"}],"predecessor-version":[{"id":1548,"href":"https:\/\/somos52.com\/index.php?rest_route=\/wp\/v2\/pages\/1431\/revisions\/1548"}],"wp:attachment":[{"href":"https:\/\/somos52.com\/index.php?rest_route=%2Fwp%2Fv2%2Fmedia&parent=1431"}],"curies":[{"name":"wp","href":"https:\/\/api.w.org\/{rel}","templated":true}]}}